i. Calculate the greatest common divisor of 19 and f.
19
Let x = -129 - -193. What is the greatest common divisor of 16 and x?
16
Suppose -16 = -5*d - x, -5*d + 4*x = -4*d - 20. Let q = 137 + -97. Suppose -g = -1, 0*u + d*g - q = -4*u. Calculate the highest common divisor of u and 18.
9
Suppose 5*t - 18 = 7. Let v be (-1)/(-3)*0*1. Suppose t*g - g + 5*m - 51 = v, -g = -2*m - 16. Calculate the greatest common divisor of 70 and g.
14
Suppose 4*p - 75 = -11. Suppose -f + p = 3*f. What is the greatest common divisor of f and 12?
4
Let k(o) = 3*o**2. Let u be k(-2). Calculate the greatest common factor of u and 3.
3
Let p(s) = -s**3 + 12*s**2 + 13*s - 21. Let j be p(12). Calculate the greatest common factor of j and 15.
15
Suppose -4*d = 5*g - 144, -3*g - 3*d = -0*g - 87. Suppose -4 = -4*x + g. What is the greatest common divisor of 20 and x?
4
Let f be -4 - (-30 + 3) - (3 - 1). Calculate the greatest common divisor of f and 6.
3
Let f = -39 - -42. Calculate the highest common divisor of 15 and f.
3
Suppose 11*b - 12*b + 120 = 0. What is the greatest common factor of 15 and b?
15
Suppose 36 = -4*i + 184. Let n = 109 - i. What is the highest common factor of 8 and n?
8
Let r(n) = 11*n + 15. Let z be r(3). Calculate the greatest common factor of 120 and z.
24
Suppose 4*a - 360 = -0*a. Suppose 5*v = a - 20. Let g(s) = 10*s + 2. Let p be g(4). Calculate the greatest common factor of v and p.
14
Suppose j + 3*k = -4*j + 14, 5*j = k + 22. Suppose j*b - 60 = 2*b. Suppose 43 = 6*f - 77. Calculate the highest common divisor of f and b.
10
Let a be -4*(-2)/4*1. Let r be (-1 + 0)/(a/(-30)). Calculate the greatest common divisor of r and 30.
15
Let n(i) = i + 5. Let g be n(9). What is the greatest common factor of 21 and g?
7
Suppose -3*f + 432 = -0*f. Calculate the greatest common divisor of 18 and f.
18
Suppose 4*k = 5*k. Suppose 3*z = 2*y + 35, z - y - 6 - 6 = k. Let n = 119 + -20. What is the greatest common divisor of z and n?
11
Let z(b) = b**3 - 6*b**2 + 7*b. Suppose -k - 18 = -3*h, 9 = -2*k - k. Let q be z(h). Let v = -4 + 34. What is the highest common divisor of q and v?
10
Suppose -5*n + 8*n = 273. Suppose -2*z - 21 = -x, 5*x + z - 85 = -24. What is the greatest common divisor of x and n?
13
Suppose b + 0*b = 0. Suppose 5*d - d - 52 = b. Suppose 5*c = -2*z - 2*z + 577, -3*z - 240 = -2*c. What is the greatest common divisor of d and c?
13
Let a(v) = -v**2 - 13*v + 46. Let j be a(-14). What is the greatest common factor of 8 and j?
8
Let p = 45 - 36. Let w = -27 - -126. What is the greatest common divisor of p and w?
9
Let l be 28/(-6)*216/(-42). What is the highest common divisor of l and 16?
8
Let i(q) be the third derivative of -41*q**4/24 - q**3/3 + 5*q**2. Let u be i(-2). Calculate the greatest common factor of u and 16.
16
Let x(z) = 6*z - 2*z**3 + 4*z**2 + 2*z**3 - z**3 - 3. Let v be x(5). Let b be v + -1 + 2 + 12. What is the greatest common divisor of 10 and b?
5
Let c(b) = 3*b**3 - 3*b**2 + 2*b - 3. Let v be c(2). Let n(i) = -i**2 + 10*i - 11. Let y be n(4). What is the highest common factor of v and y?
13
Let b(m) = -2*m. Let v(k) = -k. Let n be v(7). Let y be b(n). Calculate the greatest common divisor of y and 112.
14
Let u = -19 + 15. Let w(o) = o**3 + 6*o**2 + 3*o - 5. Let f be w(u). Calculate the greatest common divisor of f and 45.
15
Let z(v) = -v - 9. Let m be z(-4). Let k be 3/1*m/(-3). Let w(u) = 6*u + 8. Let n be w(7). Calculate the greatest common factor of n and k.
5
Let v = 3 + -4. Let u = 8 + v. What is the highest common divisor of 56 and u?
7
Let x be (-3)/(-2)*(-40)/(-12). Suppose x*w - 112 = w. Let k(a) = -a**2 - 12*a + 3. Let n be k(-11). Calculate the greatest common divisor of w and n.
14
Let k(v) = v**3 - 8*v**2 + v + 2. Let d be k(8). Let r = d + -7. Let o = -8 + 14. Calculate the greatest common divisor of r and o.
3
Suppose 23 = l - 5*i, 2*l - 9 - 1 = -2*i. What is the highest common factor of l and 1?
1
Let d = -6 + 9. Suppose 0 = l + 2*p + 9, -l + 2*p - 7 = d*p. Let t be (-1)/2*(-3 + l). What is the highest common divisor of t and 20?
4
Suppose -3*i + 0*i + 9 = 0. Let u be 5/i*3*2. Let t be 186/u - 2/(-5). Calculate the highest common divisor of 38 and t.
19
Let q(g) be the first derivative of -7*g**2/2 - 10*g + 3. Let w be q(-3). Let m be (2/(-3))/((-2)/66). Calculate the highest common divisor of w and m.
11
Suppose 79 = 3*c + 2*a, 3*a = -2*c + 7*c - 100. Suppose 2*n + 2*n = 644. What is the greatest common divisor of n and c?
23
Let p = -97 + 112. Suppose -g = 1 + 5. Let l(d) = -5*d. Let b be l(g). Calculate the highest common divisor of b and p.
15
Let t(z) = -2*z**3 - 7*z**2 + 3*z - 1. Let d be t(-4). Calculate the highest common divisor of d and 3.
3
Suppose 4*g - 2*g = 180. Suppose 140 = 4*u + p, -2*u - p - 3*p = -56. What is the highest common factor of u and g?
18
Let m be (0 - ((-21)/(-15) + -1))*-40. Calculate the highest common divisor of m and 208.
16
Suppose -3*o + 6*o + 83 = 4*f, 0 = -2*f + 3*o + 37. Calculate the greatest common divisor of f and 230.
23
Let g = 97 + -53. Let f(d) = d**2 - 14. Let l be f(-5). Calculate the greatest common factor of l and g.
11
Let a(h) = 59*h - 2. Let q be a(1). What is the greatest common divisor of q and 38?
19
Let i(z) = -4 + 3 + 0 - 20*z**3 + z**2. Let g be i(-1). Suppose -10 = -3*b + g. What is the highest common divisor of b and 10?
10
Suppose -5 = 6*p - p. Let z be (2*-1 - p)/(-1). Calculate the greatest common divisor of z and 1.
1
Suppose -14 - 16 = 5*g - 3*c, 5*g + 50 = -c. Let d be (24/g + 2)*-60. Suppose -4*h + d = -0*h. What is the greatest common factor of 40 and h?
10
Suppose -41 = 2*n - 171. Let j(y) be the first derivative of y**4/4 - y**2/2 + 26*y - 2. Let x be j(0). Calculate the greatest common divisor of n and x.
13
Let v be ((-30)/(-9))/((-1)/18). Let c = v + 179. What is the greatest common divisor of c and 17?
17
Let h(q) = -16*q + 2. Let f be h(-4). Let m be 8/20 - 148/(-5). Let t = f - m. What is the highest common divisor of t and 4?
4
Let t(k) = 2*k - 2. Let q be (-2)/(-7) - 36/(-21). Let m be t(q). Let z(h) = 3*h**2 + 4*h + 2. Let l be z(-2). Calculate the highest common factor of l and m.
2
Let g(h) = h + 2. Let f be g(-5). Let l = 9 - f. Calculate the greatest common factor of 8 and l.
4
Let f(w) = 2*w**2 + 4*w - 2. Let y be f(-4). Suppose -15 = -n - 2*h, -5*n - 3*h + 17 = -30. What is the greatest common divisor of n and y?
7
Let s(o) = -o - 6. Let a be s(-9). Let f = a - 3. Let i be ((1 - -2) + f)*7. Calculate the highest common divisor of i and 7.
7
Let z be 3/((10/4)/5). Let h be ((-12)/(-21))/(4/14). Calculate the greatest common factor of h and z.
2
Let y(d) = -18*d**2 + 2*d - 2. Let w be y(2). Let p = 125 + w. What is the greatest common divisor of p and 22?
11
Suppose 2*c - 40 - 10 = 0. What is the greatest common factor of 25 and c?
25
Let z(g) = -g**3 - g**2 + g + 3. Let t be z(0). Suppose h - 223 = -t*v, -2*h - 3*v + 431 = -0*v. What is the greatest common divisor of 26 and h?
26
Let d(v) = -9*v - 10. Let n be d(-5). Suppose 0 = -3*c + 19 + 23. Calculate the highest common factor of c and n.
7
Suppose -4*p + 141 = -b, 42 = p - 0*b + 2*b. Suppose -8*r + 11*r - p = 0. What is the greatest common divisor of r and 6?
6
Let l = -27 + 44. Calculate the highest common divisor of 34 and l.
17
Let h(b) = 2*b**2 + 6*b. Let q be h(-5). Suppose -2*c + q = -0*c. What is the greatest common divisor of c and 4?
2
Let i = 555 - 323. What is the greatest common factor of i and 29?
29
Suppose -228 = -4*n + 168. What is the greatest common divisor of 11 and n?
11
Let l(z) = -z - 6. Let i be 13*-1 + 3 + 0. Let d be l(i). Suppose 0 = d*m + n - 15, -m = -5*n + 6 + 6. Calculate the greatest common divisor of 3 and m.
3
Let y be ((-1)/3)/(1/3). Let v be 106/1 + -1 + y. Let m be (-5)/(-20) - 102/(-8). What is the greatest common factor of m and v?
13
Suppose 3*g = 12, -4*q = -g + 2*g - 436. What is the highest common factor of 72 and q?
36
Suppose 2*w = -4*f + 10, -4*f + 28 = 4*w + 12. Suppose 0 = -5*g - 4*k + 32, -5*g + 26 + 8 = w*k. Let n = -5 + 21. What is the highest common factor of n and g?
8
Let g = 0 + 5. Suppose -g*k = -s + 8, k = 4*s - 2*k - 66. Let f = s - 8. What is the greatest common divisor of 10 and f?
10
Let f be (8 + -2)/2 + 